{"id":1884,"date":"2026-06-13T12:30:56","date_gmt":"2026-06-13T11:30:56","guid":{"rendered":"https:\/\/www.laurensoff.com\/wordpress\/?post_type=product&#038;p=1884"},"modified":"2026-06-13T12:41:47","modified_gmt":"2026-06-13T11:41:47","slug":"votre-platinium-reportage-tv-sud-by-laurens-sur-devis","status":"publish","type":"product","link":"https:\/\/www.laurensoff.com\/wordpress\/produit\/votre-platinium-reportage-tv-sud-by-laurens-sur-devis\/","title":{"rendered":"Votre PLATINIUM reportage TV SUD By LAURENS sur DEVIS"},"content":{"rendered":"<p><img loading=\"lazy\" decoding=\"async\" class=\"alignnone  wp-image-1885\" src=\"https:\/\/www.laurensoff.com\/wordpress\/wp-content\/uploads\/2026\/06\/adhesion.jpg\" alt=\"\" width=\"338\" height=\"331\" srcset=\"https:\/\/www.laurensoff.com\/wordpress\/wp-content\/uploads\/2026\/06\/adhesion.jpg 500w, https:\/\/www.laurensoff.com\/wordpress\/wp-content\/uploads\/2026\/06\/adhesion-300x294.jpg 300w\" sizes=\"auto, (max-width: 338px) 100vw, 338px\" \/><\/p>\n<h2>Sur devis TV SUD By LAURENS votre <em><strong>PLATINIUM<\/strong><\/em> reportage !<\/h2>\n<p><b>TV SUD By LAURENS<\/b> est votre m\u00e9dia local et culturel, qui met en lumi\u00e8re les talents, les \u00e9v\u00e9nements et le patrimoine de notre r\u00e9gion. Chaque reportage, chaque interview, est r\u00e9alis\u00e9 avec passion pour vous offrir un regard unique sur ce qui nous entoure.<\/p>\n<p>Pour continuer \u00e0 vous proposer des contenus de qualit\u00e9 et \u00e0 faire vivre ce projet, nous avons besoin de votre soutien.<\/p>\n<p>En achetant\u00a0votre <em><strong>PLATINIUM<\/strong><\/em> reportage<\/p>\n<p>vous nous aidez \u00e0 :<\/p>\n<ul>\n<li>Financer la production de nouvelles \u00e9missions.<\/li>\n<li>Acqu\u00e9rir du mat\u00e9riel de tournage pour am\u00e9liorer la qualit\u00e9 de nos vid\u00e9os.<\/li>\n<li>Couvrir plus d\u2019\u00e9v\u00e9nements et d\u2019initiatives locales.<\/li>\n<\/ul>\n<p>Votre contribution, m\u00eame modeste, est essentielle. Elle nous permet de rester ind\u00e9pendants et de continuer \u00e0 promouvoir la richesse culturelle de notre territoire.<\/p>\n<p><b>Rejoignez-nous et devenez un acteur du m\u00e9dia de votre r\u00e9gion !<\/b><\/p>\n<p>C\u2019est simple, rapide et \u00e7a change tout.<\/p>\n<p>Merci pour votre soutien et votre fid\u00e9lit\u00e9 !<\/p>\n","protected":false},"excerpt":{"rendered":"<p><img loading=\"lazy\" decoding=\"async\" class=\"alignnone  wp-image-1885\" src=\"https:\/\/www.laurensoff.com\/wordpress\/wp-content\/uploads\/2026\/06\/adhesion.jpg\" alt=\"\" width=\"338\" height=\"331\" srcset=\"https:\/\/www.laurensoff.com\/wordpress\/wp-content\/uploads\/2026\/06\/adhesion.jpg 500w, https:\/\/www.laurensoff.com\/wordpress\/wp-content\/uploads\/2026\/06\/adhesion-300x294.jpg 300w\" sizes=\"auto, (max-width: 338px) 100vw, 338px\" \/><\/p>\n<h2>Sur devis TV SUD By LAURENS votre <em><strong>PLATINIUM<\/strong><\/em> reportage !<\/h2>\n<p><b>TV SUD By LAURENS<\/b> est votre m\u00e9dia local et culturel, qui met en lumi\u00e8re les talents, les \u00e9v\u00e9nements et le patrimoine de notre r\u00e9gion. Chaque reportage, chaque interview, est r\u00e9alis\u00e9 avec passion pour vous offrir un regard unique sur ce qui nous entoure.<\/p>\n<p>Pour continuer \u00e0 vous proposer des contenus de qualit\u00e9 et \u00e0 faire vivre ce projet, nous avons besoin de votre soutien.<\/p>\n<p>En achetant\u00a0votre <em><strong>PLATINIUM<\/strong><\/em> reportage<\/p>\n<p>vous nous aidez \u00e0 :<\/p>\n<ul>\n<li>Financer la production de nouvelles \u00e9missions.<\/li>\n<li>Acqu\u00e9rir du mat\u00e9riel de tournage pour am\u00e9liorer la qualit\u00e9 de nos vid\u00e9os.<\/li>\n<li>Couvrir plus d\u2019\u00e9v\u00e9nements et d\u2019initiatives locales.<\/li>\n<\/ul>\n<p>Votre contribution, m\u00eame modeste, est essentielle. Elle nous permet de rester ind\u00e9pendants et de continuer \u00e0 promouvoir la richesse culturelle de notre territoire.<\/p>\n<p><b>Rejoignez-nous et devenez un acteur du m\u00e9dia de votre r\u00e9gion !<\/b><\/p>\n<p>C\u2019est simple, rapide et \u00e7a change tout.<\/p>\n<p>Merci pour votre soutien et votre fid\u00e9lit\u00e9 !<\/p>\n","protected":false},"featured_media":1885,"comment_status":"open","ping_status":"closed","template":"","meta":{"jetpack_publicize_message":"","jetpack_publicize_feature_enabled":true,"jetpack_social_post_already_shared":true,"jetpack_social_options":{"image_generator_settings":{"template":"highway","default_image_id":0,"font":"","enabled":false},"version":2}},"product_brand":[],"product_cat":[746,878],"product_tag":[],"class_list":["post-1884","product","type-product","status-publish","has-post-thumbnail","product_cat-achat","product_cat-big-reportage","first","instock","virtual","purchasable","product-type-simple"],"jetpack_publicize_connections":[],"jetpack_sharing_enabled":true,"_links":{"self":[{"href":"https:\/\/www.laurensoff.com\/wordpress\/wp-json\/wp\/v2\/product\/1884","targetHints":{"allow":["GET"]}}],"collection":[{"href":"https:\/\/www.laurensoff.com\/wordpress\/wp-json\/wp\/v2\/product"}],"about":[{"href":"https:\/\/www.laurensoff.com\/wordpress\/wp-json\/wp\/v2\/types\/product"}],"replies":[{"embeddable":true,"href":"https:\/\/www.laurensoff.com\/wordpress\/wp-json\/wp\/v2\/comments?post=1884"}],"wp:featuredmedia":[{"embeddable":true,"href":"https:\/\/www.laurensoff.com\/wordpress\/wp-json\/wp\/v2\/media\/1885"}],"wp:attachment":[{"href":"https:\/\/www.laurensoff.com\/wordpress\/wp-json\/wp\/v2\/media?parent=1884"}],"wp:term":[{"taxonomy":"product_brand","embeddable":true,"href":"https:\/\/www.laurensoff.com\/wordpress\/wp-json\/wp\/v2\/product_brand?post=1884"},{"taxonomy":"product_cat","embeddable":true,"href":"https:\/\/www.laurensoff.com\/wordpress\/wp-json\/wp\/v2\/product_cat?post=1884"},{"taxonomy":"product_tag","embeddable":true,"href":"https:\/\/www.laurensoff.com\/wordpress\/wp-json\/wp\/v2\/product_tag?post=1884"}],"curies":[{"name":"wp","href":"https:\/\/api.w.org\/{rel}","templated":true}]}}

<p><img loading="lazy" decoding="async" class="alignnone  wp-image-1885" src="https://www.laurensoff.com/wordpress/wp-content/uploads/2026/06/adhesion.jpg" alt="" width="338" height="331" srcset="https://www.laurensoff.com/wordpress/wp-content/uploads/2026/06/adhesion.jpg 500w, https://www.laurensoff.com/wordpress/wp-content/uploads/2026/06/adhesion-300x294.jpg 300w" sizes="auto, (max-width: 338px) 100vw, 338px" /></p>
<h2>Sur devis TV SUD By LAURENS votre <em><strong>PLATINIUM</strong></em> reportage !</h2>
<p><b>TV SUD By LAURENS</b> est votre média local et culturel, qui met en lumière les talents, les événements et le patrimoine de notre région. Chaque reportage, chaque interview, est réalisé avec passion pour vous offrir un regard unique sur ce qui nous entoure.</p>
<p>Pour continuer à vous proposer des contenus de qualité et à faire vivre ce projet, nous avons besoin de votre soutien.</p>
<p>En achetant votre <em><strong>PLATINIUM</strong></em> reportage</p>
<p>vous nous aidez à :</p>
<ul>
<li>Financer la production de nouvelles émissions.</li>
<li>Acquérir du matériel de tournage pour améliorer la qualité de nos vidéos.</li>
<li>Couvrir plus d’événements et d’initiatives locales.</li>
</ul>
<p>Votre contribution, même modeste, est essentielle. Elle nous permet de rester indépendants et de continuer à promouvoir la richesse culturelle de notre territoire.</p>
<p><b>Rejoignez-nous et devenez un acteur du média de votre région !</b></p>
<p>C’est simple, rapide et ça change tout.</p>
<p>Merci pour votre soutien et votre fidélité !</p>
